 is the units digit of 1166?
6
What is the units digit of 28398?
8
What is the units digit of 1998?
8
What is the tens digit of 2190?
9
What is the units digit of 183?
3
What is the units digit of 2259?
9
What is the hundreds digit of 4951?
9
What is the units digit of 53072?
2
What is the units digit of 14911?
1
What is the tens digit of 2816?
1
What is the thousands digit of 17412?
7
What is the tens digit of 898?
9
What is the hundreds digit of 25508?
5
What is the tens digit of 1397?
9
What is the units digit of 592?
2
What is the tens digit of 32780?
8
What is the hundreds digit of 13942?
9
What is the hundreds digit of 2267?
2
What is the tens digit of 53006?
0
What is the units digit of 1250?
0
What is the tens digit of 4858?
5
What is the tens digit of 34899?
9
What is the tens digit of 2997?
9
What is the tens digit of 4361?
6
What is the tens digit of 444?
4
What is the tens digit of 70807?
0
What is the hundreds digit of 11176?
1
What is the units digit of 9252?
2
What is the hundreds digit of 2212?
2
What is the units digit of 97?
7
What is the hundreds digit of 12673?
6
What is the units digit of 74830?
0
What is the units digit of 944?
4
What is the hundreds digit of 24536?
5
What is the tens digit of 563?
6
What is the units digit of 535?
5
What is the thousands digit of 1255?
1
What is the thousands digit of 3147?
3
What is the units digit of 583?
3
What is the ten thousands digit of 11443?
1
What is the units digit of 12241?
1
What is the tens digit of 1943?
4
What is the units digit of 587?
7
What is the units digit of 24364?
4
What is the tens digit of 56408?
0
What is the ten thousands digit of 10874?
1
What is the ten thousands digit of 22213?
2
What is the thousands digit of 9542?
9
What is the hundreds digit of 74373?
3
What is the tens digit of 935?
3
What is the thousands digit of 8607?
8
What is the ten thousands digit of 75117?
7
What is the tens digit of 4298?
9
What is the hundreds digit of 264?
2
What is the ten thousands digit of 13942?
1
What is the thousands digit of 20864?
0
What is the ten thousands digit of 172714?
7
What is the units digit of 4221?
1
What is the units digit of 4897?
7
What is the hundreds digit of 5983?
9
What is the tens digit of 2121?
2
What is the tens digit of 3002?
0
What is the hundreds digit of 27268?
2
What is the units digit of 9?
9
What is the tens digit of 3960?
6
What is the thousands digit of 4213?
4
What is the units digit of 7174?
4
What is the units digit of 616?
6
What is the units digit of 9623?
3
What is the tens digit of 10109?
0
What is the hundreds digit of 1065?
0
What is the hundreds digit of 500?
5
What is the units digit of 1020?
0
What is the units digit of 24292?
2
What is the ten thousands digit of 29141?
2
What is the units digit of 8134?
4
What is the tens digit of 47351?
5
What is the hundreds digit of 44937?
9
What is the ten thousands digit of 13985?
1
What is the hundreds digit of 2590?
5
What is the hundreds digit of 368?
3
What is the thousands digit of 2826?
2
What is the ten thousands digit of 10953?
1
What is the thousands digit of 60903?
0
What is the tens digit of 26815?
1
What is the tens digit of 591?
9
What is the tens digit of 18440?
4
What is the tens digit of 2496?
9
What is the ten thousands digit of 107998?
0
What is the units digit of 697?
7
What is the hundreds digit of 542?
5
What is the tens digit of 5017?
1
What is the thousands digit of 1194?
1
What is the thousands digit of 6292?
6
What is the ten thousands digit of 31645?
3
What is the hundreds digit of 16479?
4
What is the units digit of 2451?
1
What is the units digit of 308?
8
What is the hundreds digit of 22548?
5
What is the hundreds digit of 1011?
0
What is the hundreds digit of 705?
7
What is the thousands digit of 12145?
2
What is the tens digit of 4605?
0
What is the thousands digit of 7242?
7
What is the thousands digit of 2758?
2
What is the thousands digit of 20150?
0
What is the thousands digit of 6083?
6
What is the hundreds digit of 6945?
9
What is the units digit of 10567?
7
What is the thousands digit of 7019?
7
What is the units digit of 6897?
7
What is the tens digit of 65092?
9
What is the hundreds digit of 21809?
8
What is the thousands digit of 7735?
7
What is the hundreds digit of 72846?
8
What is the hundreds digit of 49494?
4
What is the tens digit of 9677?
7
What is the units digit of 194?
4
What is the thousands digit of 4272?
4
What is the hundreds digit of 11124?
1
What is the tens digit of 383?
8
What is the ten thousands digit of 60059?
6
What is the hundreds digit of 17681?
6
What is the units digit of 338?
8
What is the units digit of 16?
6
What is the thousands digit of 52785?
2
What is the hundreds digit of 1554?
5
What is the units digit of 550?
0
What is the units digit of 6245?
5
What is the units digit of 389?
9
What is the ten thousands digit of 16979?
1
What is the hundreds digit of 27838?
8
What is the units digit of 30914?
4
What is the tens digit of 49816?
1
What is the thousands digit of 1736?
1
What is the thousands digit of 2117?
2
What is the hundreds digit of 1128?
1
What is the units digit of 701?
1
What is the tens digit of 71654?
5
What is the thousands digit of 6519?
6
What is the tens digit of 3448?
4
What is the units digit of 20327?
7
What is the hundreds digit of 86227?
2
What is the hundreds digit of 90982?
9
What is the hundreds digit of 467?
4
What is the hundreds digit of 9965?
9
What is the hundreds digit of 3125?
1
What is the tens digit of 6300?
0
What is the hundreds digit of 4321?
3
What is the tens digit of 909?
0
What is the hundreds digit of 9756?
7
What is the thousands digit of 61944?
1
What is the ten thousands digit of 12884?
1
What is the units digit of 2311?
1
What is the thousands digit of 1636?
1
What is the thousands digit of 4504?
4
What is the thousands digit of 4316?
4
What is the units digit of 652?
2
What is the tens digit of 47943?
4
What is the thousands digit of 1819?
1
What is the tens digit of 8737?
3
What is the tens digit of 155652?
5
What is the tens digit of 26?
2
What is the units digit of 350?
0
What is the units digit of 6353?
3
What is the thousands digit of 3703?
3
What is the units digit of 7160?
0
What is the tens digit of 27672?
7
What is the thousands digit of 1788?
1
What is the units digit of 443?
3
What is the tens digit of 3400?
0
What is the hundreds digit of 53692?
6
What is the units digit of 28253?
3
What is the thousands digit of 1624?
1
What is the hundreds digit of 1213?
2
What is the ten thousands digit of 20394?
2
What is the hundreds digit of 58131?
1
What is the units digit of 89?
9
What is the tens digit of 7458?
5
What is the units digit of 7054?
4
What is the hundreds digit of 1915?
9
What is the hundred thousands digit of 105580?
1
What is the units digit of 993?
3
What is the units digit of 30454?
4
What is the hundreds digit of 3763?
7
What is the hundreds digit of 1452?
4
What is the thousands digit of 3743?
3
What is the units digit of 3730?
0
What is the ten thousands digit of 56021?
5
What is the hundreds digit of 29433?
4
What is the ten thousands digit of 62919?
6
What is the hundreds digit of 61231?
2
What is the units digit of 289?
9
What is the tens digit of 141?
4
What is the tens digit of 53025?
2
What is the tens digit of 656?
5
What is the hundreds digit of 2961?
9
What is the hundreds digit of 414?
4
What is the tens digit of 802?
0
What is the tens digit of 698?
9
What is the tens digit of 693?
9
What is the hundreds digit of 1253?
2
What is the hundreds digit of 8794?
7
What is the tens digit of 66303?
0
What is the ten thousands digit of 24454?
2
What is the units digit of 1213?
3
What is the units digit of 1339?
9
What is the tens digit of 1356?
5
What is the tens digit of 267?
6
What is the units digit of 14888?
8
What is the hundreds digit of 16532?
5
What is the tens digit of 30441?
4
What is the hundreds digit of 16485?
4
What is the hundreds digit of 68608?
6
What is the tens digit of 602?
0
What is the units digit of 10494?
4
What is the hundreds digit of 188552?
5
What is the thousands digit of 28087?
8
What is the hundreds digit of 76171?
1
What is the thousands digit of 2098?
2
What is the tens digit of 2411?
1
What is the thousands